001 (base 2) in base 16?
1581
Convert -17261 (base 10) to base 14.
-640d
10142220 (base 5) to base 13
2c352
-959 (base 12) to base 6
-10153
What is -16425 (base 9) in base 15?
-3522
Convert -1175 (base 8) to base 11.
-52a
-5d3 (base 14) to base 9
-1534
-33887 (base 10) to base 9
-51432
-10011121022 (base 3) to base 14
-18a57
What is -1002222112 (base 3) in base 6?
-245105
-955 (base 12) to base 8
-2521
What is b1d (base 15) in base 4?
213013
16717 (base 10) to base 11
11618
What is 31113 (base 7) in base 14?
2ab3
What is -1122201002 (base 3) in base 16?
-7f4f
What is 31ea (base 15) in base 8?
24512
Convert -300434 (base 7) to base 8.
-142722
100010011100 (base 2) to base 16
89c
Convert -1122012 (base 3) to base 14.
-613
-399 (base 11) to base 12
-333
What is 1190 (base 12) in base 9?
2640
3310231 (base 4) to base 14
59c9
-11152 (base 7) to base 3
-10212211
-bac (base 14) to base 13
-1087
Convert -2340b (base 12) to base 8.
-134213
Convert a5 (base 14) to base 11.
122
13112 (base 4) to base 16
1d6
What is -221 (base 11) in base 13?
-175
What is 44132 (base 5) in base 8?
5742
Convert -4303203 (base 5) to base 8.
-215157
Convert -303242 (base 5) to base 3.
-111110210
Convert -152a (base 12) to base 15.
-b07
-10110213 (base 4) to base 2
-100010100100111
Convert -110011111 (base 2) to base 11.
-348
Convert 1450 (base 6) to base 4.
12012
-430 (base 8) to base 6
-1144
What is 312323 (base 4) in base 2?
110110111011
What is -2177 (base 11) in base 2?
-101100110011
6810 (base 10) to base 4
1222122
60650 (base 8) to base 4
12012220
Convert 49b9 (base 15) to base 12.
9103
214143 (base 5) to base 12
4367
What is 1225 (base 11) in base 16?
640
Convert -100212010 (base 3) to base 5.
-212220
-2172 (base 9) to base 11
-1229
What is 327 (base 10) in base 3?
110010
-1418 (base 9) to base 3
-1110122
What is -32134 (base 8) in base 11?
-a086
3a72 (base 14) to base 9
15105
Convert -21102000 (base 3) to base 2.
-1010100011000
What is 72a0 (base 11) in base 6?
112433
What is 4d35 (base 16) in base 2?
100110100110101
Convert -16a4b (base 12) to base 4.
-13331123
300331 (base 4) to base 12
1991
1577 (base 10) to base 7
4412
What is -1135 (base 9) in base 7?
-2312
What is 971 (base 14) in base 16?
747
Convert 3421 (base 5) to base 15.
226
12002 (base 4) to base 3
112022
Convert -4767 (base 9) to base 13.
-17c8
3632 (base 10) to base 11
2802
What is -501 (base 6) in base 16?
-b5
Convert 310200 (base 4) to base 16.
d20
What is -6247 (base 13) in base 16?
-350b
Convert -1353 (base 9) to base 6.
-4420
Convert -6242 (base 9) to base 3.
-20021102
Convert 392 (base 15) to base 13.
4a6
What is 33155 (base 9) in base 10?
22001
What is 401 (base 7) in base 14?
101
What is 14085 (base 9) in base 8?
22522
-470 (base 8) to base 11
-264
15c (base 15) to base 2
100111000
10112201 (base 3) to base 8
5030
Convert -135413 (base 6) to base 13.
-5b41
44204 (base 5) to base 2
101111101110
Convert -1010100111110000 (base 2) to base 5.
-2343004
22121 (base 3) to base 6
1024
What is -13540 (base 6) in base 11?
-1683
What is -181 (base 16) in base 9?
-467
Convert -20321 (base 4) to base 2.
-1000111001
What is 10102110001 (base 3) in base 7?
400324
-11002 (base 3) to base 5
-420
What is -6 (base 10) in base 6?
-10
-14662 (base 11) to base 16
-5117
-134b (base 14) to base 12
-1b73
What is -32120 (base 4) in base 8?
-1630
What is 40430 (base 6) in base 13?
2583
Convert 460 (base 15) to base 11.
820
Convert -1311 (base 7) to base 11.
-413
414310 (base 7) to base 5
4234110
228b (base 16) to base 15
2948
Convert 492 (base 10) to base 12.
350
Convert 102212 (base 4) to base 5.
14230
Convert -244100 (base 6) to base 2.
-101010010000100
Convert -659 (base 13) to base 10.
-1088
Convert -13 (base 11) to base 2.
-1110
-1523505 (base 6) to base 14
-245c5
Convert 1104 (base 6) to base 14.
144
Convert 111122 (base 4) to base 15.
615
Convert -259 (base 12) to base 3.
-111020
-1022323 (base 4) to base 5
-123140
Convert -3037 (base 8) to base 10.
-1567
Convert -1120020 (base 3) to base 2.
-10001110100
What is 11967 (base 15) in base 16?
db3a
423 (base 5) to base 14
81
What is 1768 (base 12) in base 4?
230000
-21325 (base 7) to base 2
-1010010111111
What is -428 (base 16) in base 8?
-2050
Convert -3473 (base 10) to base 16.
-d91
Convert -1001110000 (base 2) to base 3.
-212010
b5 (base 12) to base 8
211
-21222 (base 4) to base 6
-2510
Convert -202220 (base 4) to base 7.
-6314
What is -34425 (base 6) in base 12?
-2a15
-869 (base 10) to base 16
-365
Convert 33234 (base 10) to base 4.
20013102
What is 110010110 (base 2) in base 15?
1c1
What is 454 (base 10) in base 2?
111000110
Convert 36f (base 16) to base 10.
879
-324 (base 11) to base 9
-472
Convert -2a8 (base 15) to base 6.
-2452
What is -98b (base 13) in base 4?
-121210
Convert 5330 (base 6) to base 7.
3342
What is -1741 (base 8) in base 4?
-33201
-455 (base 10) to base 12
-31b
What is -36280 (base 10) in base 11?
-25292
Convert -111122 (base 3) to base 7.
-1034
Convert 74 (base 16) to base 5.
431
Convert 633 (base 11) to base 10.
762
Convert -243 (base 7) to base 6.
-333
What is 207 (base 13) in base 5?
2340
-111110110111 (base 2) to base 5
-112043
What is -50212 (base 6) in base 16?
-19a0
-500 (base 11) to base 3
-211102
Convert -2202120 (base 4) to base 8.
-24230
What is -17347 (base 8) in base 6?
-100343
41 (base 7) to base 12
25
2246 (base 15) to base 11
5506
1010001000010 (base 2) to base 11
3995
What is -115e (base 15) in base 6?
-25025
Convert -55ad (base 15) to base 12.
-a617
What is 12301 (base 4) in base 14?
22d
What is -61053 (base 8) in base 5?
-1301011
Convert -3155a (base 11) to base 3.
-2022222220
What is -40 (base 16) in base 9?
-71
What is 32013 (base 4) in base 11?
751
222 (base 13) to base 5
2431
-357 (base 15) to base 16
-2f5
11153 (base 6) to base 5
22311
What is -2334 (base 6) in base 14?
-2c2
What is -1271 (base 10) in base 4?
-103313
1156 (base 10) to base 15
521
Convert -479 (base 11) to base 9.
-703
What is 30203 (base 5) in base 2?
11110001000
23a (base 13) to base 11
322
What is 2144404 (base 5) in base 16?
9267
Convert -28b63 (base 12) to base 8.
-157173
Convert -83e7 (base 15) to base 4.
-12303310
What is 2425 (base 12) in base 8?
7735
-1410 (base 8) to base 6
-3332
-127 (base 8) to base 11
-7a
What is -1201 (base 5) in base 8?
-260
Convert 5320 (base 9) to base 8.
7502
Convert -1000111000111 (base 2) to base 15.
-1536
What is 11100110 (base 3) in base 5?
100141
What is 5136 (base 8) in base 10?
2654
What is -148 (base 9) in base 13?
-98
Convert -140 (base 8) to base 10.
-96
-3234 (base 15) to base 9
-15514
Convert -25202 (base 8) to base 16.
-2a82
9752 (base 12) to base 3
211210122
Convert 12404 (base 5) to base 8.
1723
What is -111121 (base 4) in base 2?
-10101011001
Convert 146673 (base 8) to base 5.
3141132
What is bf (base 16) in base 7?
362
Convert -1132 (base 4) to base 15.
-64
What is -1532a (base 11) in base 14?
-7c95
Convert -5822 (base 9) to base 4.
-1003121
-47717 (base 9) to base 13
-116c2
Convert 154130 (base 7) to base 15.
8e6e
110011000011 (base 2) to base 3
11111000
101223222 (base 4) to base 7
421104
What is -112120012 (base 3) in base 11?
-7a81
10010111100 (base 2) to base 11
a02
Convert -bde0 (base 16) to base 13.
-19181
-763 (base 10) to base 6
-3311
What is -1404 (base 5) in base 9?
-274
-884 (base 14) to base 8
-3224
Convert -59567 (base 10) to base 12.
-2a57b
What is 501 (base 7) in base 10?
246
What is 2130 (base 4) in base 7?
312
Convert 1644 (base 15) to base 2.
1001010110101
1101 (base 2) to base 15
d
-134140 (base 5) to base 15
-199a
Convert 26376 (base 8) to base 16.
2cfe
-21347 (base 8) to base 11
-6793
-13559 (base 12) to base 7
-140604
Convert 1688 (base 16) to base 13.
2819
Convert 11957 (base 14) to base 6.
531025
b472 (base 12) to base 8
46326
Convert 3441 (base 6) to base 11.
683
-2113 (base 6) to base 10
-477
213d (base 14) to base 7
22506
25564 (base 10) to base 11
18230
1900 (base 15) to base 13
25c5
Convert 1b26 (base 13) to base 9.
5542
Convert -111110101 (base 2) to base 13.
-2c7
Convert -11303 (base 4) to base 10.
-371
1404 (base 6) to base 14
1c0
-19 (base 11) to base 9
-22
What is -4241 (base 7) in base 5?
-21444
-1111100 (base 2) to base 7
-235
947 (base 11) to base 5
14030
Conve